- b + 120. Determine l(0).
120
Let s(o) = 2*o**3 + o**2 - 2*o + 1. Determine s(1).
2
Let i(w) = 50*w - 2. Determine i(1).
48
Let f(n) = -164*n**2 + n. What is f(1)?
-163
Let c(z) = -2*z + 8. Give c(4).
0
Let o(t) = -77*t - 3. Determine o(1).
-80
Let j(s) = -s**3 + 6*s**2 - 5*s - 3. Determine j(5).
-3
Let s(g) = 2*g - 17. Give s(6).
-5
Let t(l) = 7*l**2 - 6*l - 6. What is t(5)?
139
Let o(s) = 12*s**2. Give o(-1).
12
Let v(d) = d**3 - 3*d**2 - 6*d + 14. Give v(3).
-4
Let v(i) = -26*i - 3. Give v(3).
-81
Let x(o) = -o**3 - 6*o**2 + o + 3. Give x(-6).
-3
Let w(v) = -v**2 + 17*v - 32. What is w(17)?
-32
Let c(w) = w**3 - 13*w**2 + 43*w - 9. What is c(8)?
15
Let b(d) = d**3 + 5*d**2 - 2*d + 8. Give b(-6).
-16
Let o(w) = 2*w**2 - 23*w - 8. Give o(12).
4
Let a(d) = -d**2 - 4*d + 5. Determine a(-4).
5
Let i(g) = 14*g**3 - g**2 - g - 1. Give i(-1).
-15
Let c(n) = -n**3 + 31*n**2 + 31*n + 28. Give c(32).
-4
Let d(j) = -j**2 - 17*j - 32. Calculate d(-15).
-2
Let g(f) = 5*f + 7. Give g(-6).
-23
Let z(g) = -g**2 + 12*g - 11. Determine z(10).
9
Let h(u) = -u**3 - 2*u**2 + 6*u + 2. Determine h(-4).
10
Let f(o) = 2*o**2 - 35*o - 9. Give f(18).
9
Let j(u) = -u**2 - 2*u. Calculate j(-4).
-8
Let j(b) = 2*b**2 + 5*b - 6. Determine j(-5).
19
Let a(b) = -4*b**3 + b**2 - 4*b - 1. Give a(2).
-37
Let b(m) = m**3 + 6*m**2 + 9*m - 1. Determine b(-5).
-21
Let g(s) = -s**3 + 7*s**2 + 10*s + 9. Calculate g(7).
79
Let v(m) = 15*m - 12. Calculate v(4).
48
Let z(n) = n - 8. Determine z(9).
1
Let g(n) = n**2 + 18*n - 28. Determine g(-19).
-9
Let s(d) = d**2 + 6*d - 6. What is s(-7)?
1
Let g(h) = h**2 - 2*h - 5. Give g(4).
3
Let z(s) = -2*s**3 - 37*s**2 + 19*s - 2. Calculate z(-19).
-2
Let z(t) = t**2 - 5*t - 12. Calculate z(6).
-6
Let q(g) = -2*g**2 - 2*g + 13. Determine q(3).
-11
Let v(r) = -5*r**2 + 81*r - 14. Give v(16).
2
Let r(h) = h**2 + 8*h + 7. Give r(-7).
0
Let j(t) = t**3 - 12*t**2 + 18*t + 14. Give j(10).
-6
Let w(k) = -2*k + 33. Calculate w(14).
5
Let k(h) = -11*h + 37. Calculate k(4).
-7
Let t(m) = -2*m**2 + 5*m + 19. Determine t(-2).
1
Let v(i) = -4*i + 103. Determine v(30).
-17
Let b(d) = d**3 + 15*d**2 + 23*d - 10. Calculate b(-13).
29
Let l(i) = -i**3 + 4*i**2 + 97*i - 11. Calculate l(12).
1
Let q(g) = g**2 + 10*g + 5. Determine q(-12).
29
Let m(t) = -t**2 - 14*t - 17. Give m(-16).
-49
Let m(t) = t**2 + 27*t - 1. What is m(-26)?
-27
Let c(t) = 2*t**2 - 9*t + 4. Calculate c(4).
0
Let d(y) = -4*y + 42. Calculate d(12).
-6
Let d(p) = 5*p**2 - 4*p - 2. Calculate d(-3).
55
Let p(a) = -a**3 - a**2 + 10*a + 39. What is p(0)?
39
Let l(b) = b + 3. Give l(-14).
-11
Let f(z) = 2*z**2 - 4*z - 12. Give f(3).
-6
Let o(r) = r**2 + 11*r - 14. What is o(-13)?
12
Let l(u) = u. Determine l(4).
4
Let i(y) = -3*y**2 - 5*y + 1. What is i(1)?
-7
Let x(h) = -10*h - 59. Calculate x(-5).
-9
Let a(s) = s**3 + 4*s**2 + s - 2. Give a(-3).
4
Let b(r) = -r**2 - 6*r - 3. Give b(-5).
2
Let c(b) = -2*b**2 + 3*b + 10. What is c(4)?
-10
Let n(p) = -p**3 + 8*p**2 + 3*p - 7. Determine n(8).
17
Let m(c) = c**2 - 16*c - 26. What is m(17)?
-9
Let x(o) = -o**2 + 7*o + 11. Calculate x(8).
3
Let o(n) = -30*n. Give o(1).
-30
Let t(w) = -6*w + 154. Determine t(25).
4
Let b(t) = 9*t**2 + 1. What is b(1)?
10
Let k(d) = -d**3 - 14*d**2 - 17*d - 56. Calculate k(-13).
-4
Let r(q) = -q**2 + 25*q + 5. What is r(25)?
5
Let j(p) = -4*p**2 + 3*p + 2. Determine j(-1).
-5
Let j(c) = -c - 5. Give j(7).
-12
Let h(j) = -j**2 + 32*j - 190. Determine h(8).
2
Let m(d) = 29*d + 661. Give m(-23).
-6
Let y(r) = 3*r + 16. Calculate y(0).
16
Let k(j) = -7*j + 96. Determine k(7).
47
Let y(x) = x**3 + 7*x**2 - 8*x - 20. Calculate y(-6).
64
Let u(h) = h**3 + 14*h**2 - 16*h - 4. Calculate u(-15).
11
Let m(c) = -40*c + 158. What is m(4)?
-2
Let z(v) = v**2 + 24. What is z(0)?
24
Let a(j) = j**2 + 3*j - 3. Calculate a(2).
7
Let y(i) = 19*i**2 + 3*i - 1. What is y(2)?
81
Let w(v) = 4*v**3 + 6*v**2 + 4*v - 7. Give w(-3).
-73
Let r(a) = -a**2 - 51*a + 281. Give r(-56).
1
Let j(u) = 3*u**2 - 7*u. What is j(4)?
20
Let l(v) = -5*v**3 + 4*v**2 - 2*v - 2. What is l(2)?
-30
Let o(w) = w**2 + 8*w - 6. Give o(-7).
-13
Let y(c) = -2*c + 37. Calculate y(17).
3
Let u(s) = s**3 - 9*s**2 - 9*s + 10. Calculate u(10).
20
Let x(w) = -4*w - 15. Calculate x(-8).
17
Let o(p) = -p**2 - 13*p - 47. Give o(-4).
-11
Let f(q) = -q**3 - 5*q**2 - 2*q - 2. Calculate f(-5).
8
Let j(a) = 3*a**2 - 17*a - 13. Give j(7).
15
Let s(i) = 2*i**3 + 5*i**2 - 9*i - 6. Calculate s(-3).
12
Let p(g) = -g**2 - g - 12. What is p(-5)?
-32
Let l(u) = u. Calculate l(1).
1
Let q(r) = r**2 + 2*r - 9. Give q(-8).
39
Let a(t) = 6*t + 128. Determine a(-20).
8
Let v(x) = x**3 + 6*x**2 + 7*x + 4. What is v(-6)?
-38
Let j(f) = 3*f**2 + 3*f - 5. Calculate j(0).
-5
Let p(y) = 3*y - 55. Calculate p(-14).
-97
Let q(w) = w**3 + 8*w**2 - 7*w + 4. What is q(-9)?
-14
Let g(y) = -4*y - 29. Determine g(-9).
7
Let u(y) = 4*y + 9. Give u(-7).
-19
Let x(i) = -9*i**2 + 108*i + 1. Determine x(12).
1
Let p(n) = -n**3 - 2*n - 1. Determine p(-2).
11
Let d(n) = n**3 + 13*n**2 - 3*n - 34. Calculate d(-13).
5
Let b(h) = -h**3 - 8*h**2 - 15*h - 14. Calculate b(-5).
-14
Let y(i) = -i**3 - 32*i**2 + 67*i - 30. Calculate y(-34).
4
Let c(t) = 5*t**2 + 2*t - 1. What is c(1)?
6
Let o(s) = 3*s - 131. Give o(40).
-11
Let l(q) = -q - 53. Give l(-34).
-19
Let f(h) = h**3 - 5*h**2 + 6*h - 6. What is f(4)?
2
Let y(r) = 7*r - 46. Give y(6).
-4
Let t(s) = -s**3 + 6*s**2 + 25*s - 117. Give t(7).
9
Let h(w) = -w**3 - 4*w**2 - 2*w - 2. What is h(-3)?
-5
Let d(x) = 6*x**2 - 2*x - 3. Give d(3).
45
Let t(h) = 3*h - 7. Give t(-3).
-16
Let p(x) = -2*x - 8. Calculate p(4).
-16
Let g(p) = 17*p + 376. Calculate g(-21).
19
Let a(m) = -2*m**3 + 7*m**2 - 9*m + 8. Calculate a(3).
-10
Let f(x) = -x**2 - 47*x - 457. Give f(-14).
5
Let o(s) = 71*s - 562. Calculate o(8).
6
Let m(k) = -41*k**2. Give m(-1).
-41
Let r(c) = c**3 - 11*c**2 + 22*c + 15. What is r(8)?
-1
Let j(d) = -d**2 - 3*d + 4. What is j(-5)?
-6
Let j(t) = -t + 19. Determine j(9).
10
Let r(f) = -2*f - 26. What is r(-16)?
6
Let f(o) = -o**3 + o**2 + o + 44. Determine f(0).
44
Let c(q) = q**3 - 8*q**2 + 6*q - 7. Calculate c(7).
-14
Let w(m) = -m**2 - 30*m + 249. Determine w(7).
-10
Let h(a) = -3*a - 15. Calculate h(-7).
6
Let p(s) = s**3 - 2*s**2 + 3*s. What is p(2)?
6
Let k(g) = -g - 14. Calculate k(0).
-14
Let w(j) = 7*j**2 - 2*j - 4. What is w(-3)?
65
Let j(t) = -t + 5. Determine j(12).
-7
Let y(w) = 10*w**3 - 31*w**2 + 2*w - 1. Calculate y(3).
-4
Let y(r) = r**3 + 5*r**2 - 11. Calculate y(-6).
-47
Let a(i) = -i**2 - 19*i - 52. Determine a(-8).
36
Let w(i) = -i**3 - i + 74. Determine w(0).
74
Let s(j) = 7*j - 13. Determine s(-5).
-48
Let y(r) = -2*r + 16. Determine y(7).
2
Let n(d) = -4*d - 6. Determine n(8).
-38
Let c(z) = -3*z**2 - 14*z - 48. Determine c(-7).
-97
Let t(x) = -3*x**2 + 1. Determine t(-2).
-11
Let s(i) = -i**3 - 15*i**2 - 2*i - 20. Determine s(-14).
-188
Let m(v) = 6*v + 1. Determine m(7).
43
Let j(a) = -9*a + 13. Determine j(2).
-5
Let v(p) = -2*p**2 - 12*p - 28. What is v(-6)?
-28
Let o(l) = l**3 + 10*l**2 + 7*l + 5. Determine o(-9).
23
Let y(r) = r**3 - 36*r**2 + 2*r - 78. Calculate y(36).
-6
Let q(n) = -2*n - 5. What is q(3)?
-11
Let w(y) = -y**2 + 34. Determine w(0).
34
Let y(o) = 17*o**2 - 5*o - 3. Determine y(-2).
75
Let z(x) = -x**2 - 2*x + 9. Determine z(-4).
1
Let l(f) = 8*f + 8. What is l(-7)?
-48
Let k(i) = i**2 - 13*i - 47. Give k(16).
1
Let b(d) = -d**3 + 3*d**2 + 12*d + 9. Give b(6).
-27
Let v(n) = n**3 + 18*n**2 - 13*n + 116. Calculate v(-19).
2
Let o(y) = y**3 - y**2 - 11*y + 3. Determine o(-3).
0
Let d(o) = 4*o**2 - 28*o + 22. Give d(7).
22
Let l(r) = -2*r**3 - 7*r**2 - 11*r - 25. What is l(-3)?
-1
Let y(d) = 32*d + 19. What is y(-5)?
-141
Let m(c) = c**2 + 8*c + 7. Calculate m(-6).
-5
Let o(c) = -c**2 + 2*c + 7. Give o(8).
-41
Let k(n) = 4*n**2 - 4*n - 1. Calculate k(4).
47
Let u(r) = -5*r + 18. Determine u(-10).
68
Let t(k) = -8*k - 60. Determine t(-17).
76
Let w(o) = o**3 + 12*o**2 + 12*o + 44. Determine w(-11).
33
Let c(q) = -q**3 + 4*q**2 - q - 2. Determine c(3).
4
Let w(a) = -a**2 + 16*a + 109. What is w(21)?
4
Let v(o) = o - 22. What is v(9)?
-13
Let a(p) = -p**3 + 2*p**2 + 10*p - 14. Determine a(6).
-98
Let i(t) = -15*t**3 - t**2 + 1. 